110010?
100001010011101110
In base 6, what is 2 + 155305?
155311
In base 2, what is -110 + 1000001100?
1000000110
In base 4, what is 2 + -23123?
-23121
In base 13, what is -79 - -9520?
9474
In base 11, what is -158027 - 2?
-158029
In base 16, what is 2fc8f + d?
2fc9c
In base 6, what is 1 + -32332303?
-32332302
In base 13, what is 272a + 2?
272c
In base 2, what is 111 - 1011111011?
-1011110100
In base 12, what is 5 - -66ab?
66b4
In base 7, what is -114 + -260115?
-260232
In base 10, what is 17 - 76664?
-76647
In base 13, what is 516 - -845?
105b
In base 5, what is -13000 - -11410?
-1040
In base 7, what is 0 - 141153?
-141153
In base 5, what is 2 + 313433?
313440
In base 8, what is -1 - -134034?
134033
In base 6, what is 3344 + -25?
3315
In base 10, what is 5 + 18512?
18517
In base 8, what is 74 + 2630?
2724
In base 3, what is -100000000 - -11?
-22222212
In base 10, what is -1351 + -75?
-1426
In base 16, what is 54 + 36b?
3bf
In base 6, what is -125004535 - 5?
-125004544
In base 11, what is 0 + -8867?
-8867
In base 7, what is -4 + -2166565?
-2166602
In base 4, what is -213321 + -10?
-213331
In base 4, what is 1020013320 - 1?
1020013313
In base 16, what is 9973 + 5?
9978
In base 4, what is 22120230103 + 2?
22120230111
In base 2, what is -1111100101111 - -1010000?
-1111011011111
In base 3, what is -220 + -10121211?
-10122201
In base 7, what is -322 - -1045?
423
In base 8, what is 123117 + 5?
123124
In base 7, what is -50623 + 11?
-50612
In base 14, what is 9 - 308d?
-3084
In base 2, what is 1111001001110010011111 - -10?
1111001001110010100001
In base 4, what is -2223233 + -1230?
-2231123
In base 8, what is 26636353 - 3?
26636350
In base 11, what is -1649 - 36?
-1684
In base 6, what is 15125 + 422?
15551
In base 12, what is 3069 - -177?
3224
In base 9, what is 84374 - 5?
84368
In base 13, what is 15ca4 + -3?
15ca1
In base 8, what is 1472 - 150?
1322
In base 2, what is -1110110000001 - 1110?
-1110110001111
In base 12, what is 5 - 326522?
-326519
In base 13, what is -266a57 + -3?
-266a5a
In base 10, what is -10 - 4168?
-4178
In base 9, what is -58384 - -43?
-58341
In base 8, what is 1626 + -105?
1521
In base 3, what is -1222200 - -101?
-1222022
In base 13, what is 519b43 + 0?
519b43
In base 15, what is 35d1 - -14?
35e5
In base 5, what is 2 - 310101?
-310044
In base 11, what is -2a561 - -16?
-2a546
In base 12, what is -5181 - -503?
-487a
In base 15, what is -4a - 41d2?
-422c
In base 15, what is -2 + -28c6d?
-28c70
In base 2, what is -111001001 + -110011001010?
-111010010011
In base 8, what is 76154 + 0?
76154
In base 12, what is -2b + 4450?
4421
In base 6, what is -4 + 534424?
534420
In base 2, what is 10010010000 + -100000?
10001110000
In base 2, what is 1100010000010001 + 101?
1100010000010110
In base 5, what is 324 - 10013?
-4134
In base 8, what is 11633 - -1?
11634
In base 14, what is -76 - 57b5?
-584b
In base 9, what is 302085 - -1?
302086
In base 10, what is 6007 - 1?
6006
In base 9, what is 254332 - -1?
254333
In base 9, what is -780 - 481?
-1371
In base 15, what is -1d - -1bd?
1a0
In base 13, what is 1 + -24384?
-24383
In base 4, what is 13312102330 + 0?
13312102330
In base 4, what is -1001 - 21133220?
-21200221
In base 8, what is -7 - 173300?
-173307
In base 12, what is 5 + 9263?
9268
In base 7, what is -1123613 + -1?
-1123614
In base 8, what is 2 - -20412?
20414
In base 6, what is -12221 - -5032?
-3145
In base 14, what is 3618 - 6?
3612
In base 6, what is -433245004 + 2?
-433245002
In base 5, what is -134 - -13033?
12344
In base 13, what is -178 + -2021?
-2199
In base 4, what is -11112 - 1223?
-13001
In base 11, what is 4 - 5836?
-5832
In base 11, what is 61973 - -6?
61979
In base 9, what is -2728203 - -3?
-2728200
In base 13, what is -3 - -46486?
46483
In base 4, what is 1311300 - -2103?
1320003
In base 16, what is 40 + e3?
123
In base 4, what is 21 + 101222?
101303
In base 4, what is 232 + -102?
130
In base 10, what is -2258 - 60?
-2318
In base 9, what is 0 - -35167?
35167
In base 2, what is -11 + -10011010000000?
-10011010000011
In base 7, what is -306 + -1406?
-2015
In base 3, what is -121122 - 111?
-122010
In base 11, what is 4620 - -19?
4639
In base 4, what is -11 + 1021101?
1021030
In base 6, what is 2445141 + 11?
2445152
In base 3, what is 0 + 212120010?
212120010
In base 9, what is -6 + 3611?
3604
In base 11, what is 323 + -a0?
233
In base 9, what is -67 + -7485?
-7563
In base 13, what is 518 + 1a5?
6c0
In base 10, what is -4032 + 41?
-3991
In base 13, what is -36459 + 1?
-36458
In base 9, what is 82223 - -3?
82226
In base 8, what is -3 + 44133?
44130
In base 12, what is -61 + -1266?
-1307
In base 12, what is 1 - 14?
-13
In base 2, what is 10100000 - -11111100?
110011100
In base 4, what is -1000332 - -1033?
-333233
In base 5, what is 342312 - -204?
343021
In base 12, what is -45 + 1331?
12a8
In base 11, what is 12 + 1603?
1615
In base 14, what is -3 + -3338?
-333b
In base 3, what is 200 - -12101112?
12102012
In base 10, what is 1566 - -4?
1570
In base 10, what is -5 + -14575?
-14580
In base 16, what is ee - -c46?
d34
In base 16, what is 29d442 - -5?
29d447
In base 14, what is -29c119 - 4?
-29c11d
In base 7, what is 4401 + -20?
4351
In base 6, what is 3 - 332343?
-332340
In base 14, what is 6 - -1467?
146d
In base 16, what is 9 + -5ff6?
-5fed
In base 11, what is -3a7 + 263?
-144
In base 11, what is -3 + -5655?
-5658
In base 6, what is 2240134 - -22?
2240200
In base 4, what is 113 - -202311?
203030
In base 7, what is 44613 + 1?
44614
In base 5, what is 1023440 - 1324?
1022111
In base 2, what is -101101101000 + -10?
-101101101010
In base 14, what is 477aa5 + 3?
477aa8
In base 5, what is 21 + -121140?
-121114
In base 14, what is 3b0 + 205?
5b5
In base 8, what is 16063 + -126?
15735
In base 8, what is -3571254 - -3?
-3571251
In base 8, what is -20213 + -1?
-20214
In base 7, what is -20610 - -13?
-20564
In base 4, what is -10 - 2220211132?
-2220211202
In base 7, what is -10 + -1620364?
-1620404
In base 3, what is -111010012 + 2211?
-111000101
In base 11, what is -2aa7a + -4?
-2aa83
In base 2, what is 10001101101011111000 + 111?
10001101101011111111
In base 2, what is -11 - 1011001010101000?
-1011001010101011
In base 7, what is -2056255 - -1?
-2056254
In base 12, what is -661 + -25a?
-8bb
In base 13, what is 431 + 150?
581
In base 6, what is 4 + -31031?
-31023
In base 3, what is -12002012002 - -2?
-12002012000
In base 14, what is -4 - 4d06b?
-4d071
In base 10, what is 3 + 95911?
95914
In base 6, what is -400443 - -1?
-400442
In base 6, what is 22 + 212320?
212342
In base 2, what is 110001111101 - 10011001?
101111100100
In base 2, what is 1100100 + -110010011?
-100101111
In base 10, what is -2946 - -22?
-2924
In base 15, what is -d97bc + 4?
-d97b8
In base 6, what is -125 - -5423?
5254
In base 10, what is 0 + -57497?
-57497
In base 15, what is 386 - a?
37b
In base 11, what is -54 + -5008?
-5061
In base 6, what is -125334 - 4?
-125342
In base 6, what is 324353 - -5?
324402
In base 7, what is 4 + 12240612?
12240616
In base 16, what is 3e49 + 5?
3e4e
In base 6, what is -2435100 - 0?
-2435100
In base 16, what is bd + 239?
2f6
In base 14, what is 3b7a + -4?
3b76
In base 12, what is -2 + 1735a3?
1735a1
In base 14, what is -88 + 12a?
82
In base 5, what is 41 + -23113?
-23022
In base 13, what is -1 + -5c79a?
-5c79b
In base 12, what is 67 - 6607?
-6560
In base 11, what is -10984 - 12?
-10996
In base 2, what is -101110110 + 10010000?
-11100110
In base 4, what is 11102302 + 2?
11102310
In base 7, what is 26 + 1653011?
1653040
In base 8, what is -55 - -3030?
2753
In base 13, what is 206 - 552?
-349
In base 6, what is -211225 + -211?
-211440
In base 5, what is 13 - -134144?
134212
In base 11, what is -44a + -20?
-46a
In base 3, what is -110021121102 + -2?
-110021121111
In base 2, what is -11011111111 + -11001?
-11100011000
In base 3, what is -1 - -2002221001?
2002221000
In base 6, what is -5 - -250405?
250400
In base 14, what is 4 + 94da6?
94daa
In base 16, what is 4922 + -5?
491d
In base 12, what is 2430 + 65?
2495
In base 4, what is -11 + 322000121?
322000110
In base 12, what is b4081 - 4?
b4079
In base 6, what is -21033 + 10?
-21023
In base 10, what is 2817 + -26?
2791
In base 14, what is -4d7 + -23?
-51a
In base 8, what is -134 - -270?
134
In ba